 17. Is h(-4) prime?
True
Let u(f) be the third derivative of 28*f**5/15 + f**4/24 - 4*f**2. Let a be u(1). Let y = a - 70. Is y a composite number?
False
Let q(t) = -3 + t - 3 + 2. Let m be q(8). Suppose 2 - m = u, 4*u = -3*d + 22. Is d a prime number?
False
Let f(w) = -w**3 + 3*w**2 + 5*w. Suppose -4*m - 8 = -6*m. Let n be f(m). Suppose -n*y - 27 = -c, 3*y - 11 - 30 = -c. Is c composite?
True
Is 4/(-1) + 6 + 1253 composite?
True
Suppose -2*j - 14 = 4*r - 4, 0 = -2*j + 2*r + 2. Let i = 21 + j. Is (-8)/i - (-64)/10 a composite number?
True
Suppose -4*n + 1 = -5*a, -5*a + 10*n = 5*n + 5. Suppose -3*w = -a*q + 909, -4*w = -3*q + 935 - 30. Is q prime?
True
Let r(b) = -28*b**3 - 2*b**2 - 1. Let p be r(2). Suppose 75 + 387 = -3*c. Let h = c - p. Is h a composite number?
False
Let a = 267 + -140. Is a prime?
True
Let l(x) = -2*x**3. Suppose 0 = 3*m - 0*m + 3. Let y be l(m). Suppose q = a + 125, -y*a + 141 = q - 7*a. Is q composite?
True
Suppose 16 + 4 = 5*h. Is 10 - 0*(-3 + h) a composite number?
True
Is 4/16 + (-1203)/(-4) a prime number?
False
Let p(t) = t**2 + t + 2. Let o be p(-2). Suppose o*g + 0*g + 24 = 0. Let w(h) = -h + 1. Is w(g) composite?
False
Let h(x) = 2*x**2 + 6*x - 6. Is h(11) a prime number?
False
Let b = -1955 - -3354. Is b a composite number?
False
Let r(k) = 2*k**3 - k**2 + 2*k - 2. Let l(j) = j**2 + 3*j - 8. Let h be l(-6). Let v(t) = -t + 12. Let m be v(h). Is r(m) a composite number?
True
Suppose -3*p + 4*z = -136 - 128, -4*p = 3*z - 327. Suppose -2*o = 2*o - p. Is o prime?
False
Let s(p) = -p**2 + 7*p + 7. Let h be s(5). Let c = -10 + h. Is c a prime number?
True
Let n(g) = g**3 + g**2 + 1. Let w be n(0). Let m(p) = 88*p**2 + 1. Is m(w) prime?
True
Let y = 27 - 61. Let i = y + 60. Is i prime?
False
Let z(i) be the second derivative of -7/6*i**3 - i + 0 + i**2. Is z(-3) a composite number?
False
Let r(y) = -y**3 + y**2 + y - 1. Let o be r(2). Let l = 7 + o. Is (6/l)/((-3)/(-30)) a prime number?
False
Suppose -2*r - 72 = -2*y, 4*r + 4*y = y - 144. Let j = r + 119. Is j composite?
False
Let b = 10 - 7. Suppose 0 = -b*a + 6. Suppose -76 = -3*m + v, -4*m + 124 - 22 = -a*v. Is m prime?
False
Let i(y) = -1 + 0 + 5*y + 14*y**2 + 3. Let q be i(-3). Suppose q = 3*t - 28. Is t prime?
True
Suppose 0 = -3*w - 0*w + 15. Suppose w*a = a + 12. Is 8/(-2 + a) - 1 composite?
False
Let i be -3*(-2)/(-3) - -6. Suppose -i*g = -33 - 67. Is g*(-2 - 1)/(-3) prime?
False
Suppose 0 = -d - 3, -2*d - 416 = -5*m + 1555. Is m prime?
False
Suppose 0 = -2*z + 4*n + 4, z = 4*z - 2*n - 26. Suppose -4*u = z, u - 363 = -3*l - 4*u. Let d = l - 73. Is d composite?
False
Suppose -3*s = 2*s + 110. Let n(q) = -84*q + 1. Let i be n(2). Let v = s - i. Is v composite?
True
Let s(u) = -7*u - 9. Let y(j) = 15*j + 19. Let x(n) = 9*s(n) + 4*y(n). Is x(-6) a composite number?
False
Let u(p) = -4*p - 17. Is u(-8) a prime number?
False
Let n be (-10)/(-15)*(10 + -1). Let s be 2/n*3 - -17. Suppose 93 = 3*k - s. Is k composite?
False
Is 22/10 + -2 - 668/(-10) a composite number?
False
Is -4 + 61 + 1 + -5 a prime number?
True
Let m(g) = g**3 - 3*g**2 - 3*g - 1. Let a(h) = -4*h + 1 + 7*h - 4*h. Let j be a(-3). Is m(j) a composite number?
False
Suppose -2*d - 3*c + 24 = 0, 0 = 4*d - 0*c + 3*c - 36. Let p = d - -49. Is p composite?
True
Is ((-219)/6)/(1/(-10)) a composite number?
True
Suppose -3*v + 30 = 2*v. Suppose -t = -v*t + 325. Is t prime?
False
Suppose -5*l + 319 = -2*y - 129, -2*l - 4*y + 184 = 0. Suppose -z + 5*u - 2*u + l = 0, 3*z + 4*u = 322. Suppose 0 = 3*s + z - 729. Is s composite?
True
Let m(p) = 5*p**2 + 2*p - 9. Is m(4) a composite number?
False
Suppose n = -2*t + 8, 0*n = n - t - 2. Suppose -5*y = n*b - 6805, 2*b - 905 = 3*y - 4988. Is y a prime number?
True
Let r(c) = c**3 + 2*c**2 - 3*c. Let s be r(-3). Suppose -5*z = -3*a - 1064, -2*z + 4*z - 5*a - 437 = s. Is z a prime number?
True
Let j = 244 - 117. Is j composite?
False
Let u(v) = -1009*v - 6. Is u(-5) a composite number?
False
Let v = 185 - 106. Is v composite?
False
Let o(i) = 21*i**2 + 4*i + 20. Is o(11) a prime number?
False
Let m(u) = 316*u**2 - 2*u - 1. Is m(-1) a prime number?
True
Let k be ((-2)/5 - 0)*-5. Suppose k*i - 83 = -4*m + 43, 5*m + 265 = 4*i. Is i a composite number?
True
Suppose -3*g - 2*g + 11 = 2*y, -y - 14 = -4*g. Is ((-310)/15)/((-2)/g) a composite number?
False
Suppose 4*v - 12 = 8. Suppose 155 = 5*s + v. Let d = s - -13. Is d a prime number?
True
Let j(b) = 161*b**2 - 1. Let z be j(1). Suppose -5*a - z = -5*d, 29 = d - 4*a + 2*a. Is d prime?
False
Suppose -2*a = -f - 761, 2*a + 2*f + 3*f - 779 = 0. Suppose 5*p - 3*p = a. Is p a prime number?
True
Is 591 - ((-32)/12)/((-6)/9) a prime number?
True
Suppose -2646 = -4*g + 222. Is g a composite number?
True
Let d(j) = -j**3 - 9*j**2 + 9*j - 1. Is d(-10) a composite number?
True
Let w be ((-12)/(-1 + -2))/2. Let q = w + -2. Suppose q*g + 524 = 4*g. Is g a composite number?
False
Suppose 8*r = 4*r + 12. Suppose -u - m = -127, -m = r*m. Is u a prime number?
True
Let k = -135 - -267. Suppose 0 = u - 3*g - 75, -3*u - 4*g + 54 + k = 0. Let h = 47 + u. Is h a composite number?
False
Suppose 3*o - 4*o + 77 = 0. Is o composite?
True
Let f be (1/3)/(2/12). Suppose 0 = -f*a - 0*a - 44. Let c = -12 - a. Is c prime?
False
Suppose 119 + 65 = 4*f. Is f a prime number?
False
Let k be (-3 - -472) + 3/3. Suppose k = 4*y - 10. Suppose 5*d - y - 110 = 0. Is d a composite number?
True
Let g be 0*(-3 + 2 + 0). Suppose g*x = -x + 39. Is x composite?
True
Is (-4)/34 + (-24224)/(-136) a composite number?
True
Suppose 3*t + 4*i = 22, t - 4*t + 4*i - 10 = 0. Suppose -63 = 4*y - t*f - 191, 4*y + 3*f = 148. Is y prime?
False
Let o(z) = z**3 + 5*z**2 + 9*z - 4. Is o(7) prime?
True
Suppose 476 = -0*i + 3*i + 4*n, 5*i - 745 = 3*n. Let m = i - 7. Is m composite?
True
Let o(d) = -d**3 - 8*d**2 - 6*d + 7. Let c be o(-7). Suppose -5*i - 144 = 3*m, c*i = -5*i - m - 138. Is (-346)/(-18) - (-6)/i a prime number?
True
Suppose -k - k + 1742 = 0. Is k prime?
False
Let z(l) = 3*l - 9 + 4*l - l. Let p = -4 + 11. Is z(p) a prime number?
False
Is -5174*3/(-24) + (-3)/(-12) prime?
True
Suppose -2*b = -6*b + 600. Let s = b - 45. Suppose -p + s = 2*p. Is p a prime number?
False
Let j(r) = r**2 - 2*r + 4. Is j(7) prime?
False
Suppose 0 = -64*m + 62*m + 818. Is m a composite number?
False
Let y = 189 + 76. Is y prime?
False
Suppose 5*n - 443 = -3*j, j - 5*j = 4*n - 356. Let k = n + -11. Suppose 2*z - 17 = k. Is z a prime number?
True
Let d(k) = 21*k - 2. Is d(7) composite?
True
Let p(x) = x + 6. Let b(u) = u**2 - 8*u - 6. Let n be b(9). Suppose n*k = -5*t + 20, 2*t + 1 = 4*k + 9. Is p(k) composite?
True
Suppose 0 = 4*h - 3*l + 12, -2*h + 0*l = 2*l - 8. Suppose -2*t + 123 + 11 = h. Is t prime?
True
Let o be (-36)/24 - 14/(-4). Suppose o*w + 19 = 93. Is w a composite number?
False
Let m = 179 - 48. Suppose -i + 424 - m = 0. Is i prime?
True
Let t(d) = -2*d - 5. Let l be t(-4). Suppose -b = -5*b - 2*s + 586, -2*s - 457 = -l*b. Is b a prime number?
True
Suppose -2*u = -u - 3. Suppose -1 = 4*m - 3*l, 2*l - 21 = -3*m - u*l. Suppose 7*v = m*v + 395. Is v prime?
True
Suppose -2*n - 5*a = -26, n + 5*a - 14 = 3*n. Let p(s) = 20*s - 2. Let d(k) = k. Let t(z) = 3*d(z) + p(z). Is t(n) composite?
False
Suppose -2*p = -4*p + 342. Suppose 0 = f + 2*f - p. Is f a prime number?
False
Let u = -31 - -13. Let p = u + 41. Is p a composite number?
False
Suppose -2456 = -2*x - 4*o, -4*o + 2104 = 4*x - 2808. Suppose 0 = 9*g - 13*g + x. Is g composite?
False
Let l(m) = -93*m + 4. Is l(-7) a prime number?
False
Let j(o) = o**2 - 5*o - 11. Let l = 5 - -4. Is j(l) composite?
True
Let d(t) = -28*t + 23. Let i(g) = -19*g + 15. Let n(f) = 5*d(f) - 8*i(f). Is n(7) prime?
True
Is 4*4/32*466 composite?
False
Let f(y) be the third derivative of -43*y**6/120 + y**4/24 - y**3/6 - 3*y**2. Let l be f(1). Let n = l - -82. Is n prime?
False
Let z(h) = h + 5. Let x be z(-5). Suppose x = o - 5*o + 148. Is o composite?
False
Let h = -34 - -60. Is (-4)/h + 899/13 a composite number?
True
Let w(f) be the second derivative of 7/12*f**4 + f - 1/2*f**2 + 1/20*f**5 + f**3 + 0. Is w(-5) composite?
False
Let t be (-6)/(-4)*(-60)/(-18). Suppose 91 = t*c - 19. Let y = -16 + c. Is y composite?
True
Suppose 0 = -4*s - s + 925. Is s composi